5 - -11. Is (-2)/3*(-315)/g a composite number?
True
Let l = -126 + 231. Is l/(-10)*138/(-9) a prime number?
False
Suppose 5*i - 1565 - 5 = -5*u, u = i - 304. Let o = 386 + i. Is o a prime number?
False
Is 12/12*(32 + 1) composite?
True
Is (4/(-6))/(4/(-318)) a prime number?
True
Suppose -u + 74 = 4*g, 9*u - 302 = 4*u - 3*g. Is u + (5/1 - 4) a composite number?
False
Let i = -80 + 131. Is i a prime number?
False
Suppose -5 = -5*c - 3*f, -3*f + f + 3 = 3*c. Is (6 - (c + -1)) + -2 a prime number?
False
Let o = 454 - 155. Is o prime?
False
Let r = -107 - -23. Let z = r + 187. Is z composite?
False
Let b = 17 - -50. Is b prime?
True
Let j(o) = 7*o**2 + 3*o + 1. Let a(w) = -w**3 - 9*w**2 - 7*w + 5. Let p be a(-8). Is j(p) composite?
True
Let z = 4573 - 288. Is z composite?
True
Let n(h) = -12*h**2 + 6*h + 4. Let v(s) = -s. Let x(w) = -n(w) - 3*v(w). Is x(-3) prime?
True
Suppose 844 = -8*y + 10*y. Is y composite?
True
Suppose 0 = 6*d - 4*d. Let u = 0 + d. Is u + -1 + 2 + 36 prime?
True
Suppose h - 4*h = 0. Suppose -231 = -h*m - m. Let r = -28 + m. Is r a prime number?
False
Suppose -a + 30 = 4*g, 0 = 3*g - 3*a + 2 - 17. Let s = g + -5. Is 2/(s + -4)*-37 a composite number?
False
Let y(o) = 3*o**3 - 7*o**2 + 6*o - 7. Is y(5) a composite number?
False
Let c(w) = 76*w**2 + 6*w - 1. Is c(3) composite?
False
Suppose 4*p - 3198 = -5*h, 5*p - 4*h = p + 3180. Is p a composite number?
False
Suppose 0 = 3*m + 2*l - 935, m + 4*l - 3*l = 312. Is m a prime number?
True
Let j = 26 - 46. Let w = j + 51. Is w composite?
False
Suppose -5*d - x = x + 1, 3*x = -5*d - 4. Let w(l) = 30*l**3 + l**2 + l - 1. Is w(d) a composite number?
False
Let y(d) = -d**2 - 5*d. Let x be y(-4). Let q be (-79)/x*(-8)/2. Suppose -2*c - 2*c - 53 = -o, 4*c = -3*o + q. Is o a composite number?
True
Let y = 1688 - -5. Is y a composite number?
False
Let h(z) = z**3 - 9*z**2 + 4. Let t be h(9). Suppose 210 = t*v + 2*x, v - 9 - 43 = -x. Is v a composite number?
False
Suppose -2*i - i + 651 = 0. Is i prime?
False
Suppose 4*r - 2*d = -6*d + 728, 3*r + 2*d - 542 = 0. Let h = r - 90. Suppose 0 = 5*v + 3*a - 1604, -5*v - 5*a + 1522 + h = 0. Is v composite?
True
Let y = -2 + 2. Suppose 4*b + 2*h = 140 + 62, y = -2*h + 2. Let u = b + -29. Is u a composite number?
True
Suppose 3*c - 8*c = -1015. Is c a composite number?
True
Suppose -4*l + 3335 = l. Is l composite?
True
Suppose 2*d + 2*c + 2*c - 906 = 0, 5*c + 418 = d. Is d composite?
False
Let n(q) = -q**2 - 6*q - 2. Let z(r) = -r**3 + 2*r**2 + r + 1. Let x be z(3). Is n(x) a prime number?
True
Is (-3172)/(-6)*36/24 a prime number?
False
Let y = 43 + -12. Suppose 2*n = 127 + y. Is n a prime number?
True
Suppose -j + 1579 = 3*j - 5*p, 0 = -j - 4*p + 379. Is j composite?
True
Is (-1 - 12/(-3))*7 a composite number?
True
Let t(u) = -2*u - 1. Let z be t(-2). Let d(h) = -2*h**3 + 11*h**2 - 15*h + 8. Let g(a) = -a**3 + 5*a**2 - 7*a + 4. Let b(v) = 2*d(v) - 5*g(v). Is b(z) prime?
True
Is ((-2229)/(-12))/((-5)/(-20)) prime?
True
Let v = -24 - -63. Suppose 6*y - 2*y = 0. Suppose -l + v = -y*l. Is l prime?
False
Let p = 232 - 83. Is p composite?
False
Let v = 10 + -14. Let w be 9/2 - (-2)/v. Suppose 6*q - q - 81 = -3*a, 4*q = -w*a + 68. Is q composite?
True
Let q(h) = -18*h**3 + 2*h**2 + 2*h + 1. Is q(-1) composite?
False
Let n(z) = -11*z**2 + 7*z + 11. Let s be n(8). Is s/(-5) - (-20)/(-50) composite?
False
Is (6 - -2)/(-2) - -30 a composite number?
True
Let t(z) = 4*z**3 - 6*z**2 + z + 4. Let p be t(8). Suppose -3*w - w = -p. Is w composite?
False
Let i = 16 - 9. Let z(b) = -7*b**2 + 6*b - 1. Let s(a) = -20*a**2 + 18*a - 4. Let q(p) = -6*s(p) + 17*z(p). Is q(i) prime?
False
Suppose 2*h + 3*v + 2*v + 167 = 0, -2*h - 4*v = 168. Let i be 4/(-18) - h/(-18). Is 12/30 - 73/i prime?
False
Suppose -w - 51 = -2*h, -2*w + 1 = -3*w. Is h composite?
True
Suppose -j - 121 = -1594. Is j a composite number?
True
Suppose -3*h + 1089 = -3*j, 5*j + 709 = 2*h - 11. Is h prime?
False
Suppose 0*p = -9*p + 14031. Is p a composite number?
False
Let w be 130 + -1 - (3 - 1). Suppose h - w = -0*h. Is h prime?
True
Suppose 0 = 4*h + 28 - 196. Suppose 2*t = -5*l + 55, -2*t = l - h - 25. Let i = t - 20. Is i a prime number?
False
Is 16/(-12)*2634/(-8) a prime number?
True
Let z = 196 + 71. Is z a composite number?
True
Let n(w) be the first derivative of 2*w**4 - 2*w**3/3 + w**2 + 7*w + 3. Is n(3) composite?
False
Let w = -4 - -4. Let n be (-2 - (3 - 2)) + w. Is (-203)/n + 6/(-9) a prime number?
True
Let z(o) be the third derivative of -7*o**4/12 + 5*o**3/6 + 2*o**2. Let r be z(-5). Suppose -d - 4*d + r = 0. Is d prime?
False
Let g be (-6)/(-15) - (-6)/(-15). Suppose -k - 3*s + 24 = g, 124 = 4*k - 4*s + 2*s. Suppose 0 = -2*u + 5*t + k, t - 15 + 0 = -u. Is u a composite number?
True
Let d(y) = -22*y - 1. Is d(-4) composite?
True
Let b(m) = 153*m + 2. Is b(1) a composite number?
True
Let j = 210 + 293. Is j a composite number?
False
Suppose -2*g - 728 = -2*x, 0 = -3*x - 3*g + 648 + 438. Let w = x + -28. Is w prime?
False
Let l be 8*(2 - (-6)/(-4)). Suppose -2*t - 6 = -l*t, -75 = 4*i - t. Let f = i + 51. Is f prime?
False
Suppose z + 3*z - 848 = 0. Suppose -b = -3*c + 36, 0 = -10*b + 5*b - c - z. Is (8/6)/((-4)/b) composite?
True
Is -14*((-348)/8 + 2) composite?
True
Let o = 67 + -312. Let v = 456 + o. Is v prime?
True
Suppose 17 = -5*g - 58. Is (-3)/g + 792/15 prime?
True
Let f = -131 - -510. Is f composite?
False
Let i be (-7 - -3)/(1/(-6)). Let r = -9 + i. Is (r/10)/(2/20) a prime number?
False
Let f(b) = -3*b**3 - 2*b**2 - b. Let q be f(-1). Is (282 - 0/(-3))/q a composite number?
True
Let w(l) = -l**2 - l - 1. Let i(g) = 4*g**2 + g + 1. Let b(s) = i(s) - 3*w(s). Let n(k) = k + 3. Let a be n(-6). Is b(a) prime?
False
Let j = -436 + 846. Let k = j - -143. Is k a prime number?
False
Let d(m) = 164*m + 31. Is d(18) a composite number?
True
Let a be (3/(-2))/(6/156). Let o = 58 + a. Is o a composite number?
False
Let c(k) = -2*k**3 - 13*k**2 - 8*k + 4. Let r be c(-8). Suppose -56 = -4*t + r. Is t a prime number?
True
Let l be 5/20 - (-30)/8. Let m be (-522)/l*(-2)/3. Is 2 + m + (-1 - -3) a prime number?
False
Suppose 29 + 37 = -3*d. Let t = d - -13. Is 2/(-9) + (-713)/t a composite number?
False
Suppose -2*h + 3*h = 3*c - 15, 4*h + 6 = 3*c. Is 1 + 129/c*4 composite?
True
Let u be ((-14)/8)/(2/(-40)). Let l = u - 25. Suppose 31 = h + l. Is h prime?
False
Suppose 8 - 8 = -3*o. Suppose 2*h = -3*f - 5, 1 = 4*f + 2*h + 5. Is f*(o + 6/1) a prime number?
False
Suppose 3*u - 11*u + 40856 = 0. Is u prime?
True
Let v(y) = -430*y**3 + 5*y**2 + y + 1. Let i be v(4). Is (-4)/(-22) + i/(-55) a composite number?
False
Let m(u) = -u**3 + u**2 - 6*u + 4. Let n be m(4). Let x = -103 - n. Is 1/(0 + (-1)/x) a prime number?
False
Let m = -3 - -10. Let s = 11 - m. Suppose -s*q + 74 + 138 = 0. Is q a prime number?
True
Let o = -6 + 11. Suppose 3*h = o*h - 194. Is h prime?
True
Is 615/3 + 2 + -6 composite?
True
Let s = -5 - -5. Suppose s = 5*m - 5 - 10. Suppose 7*f = m*f + 220. Is f a composite number?
True
Let k(y) = 2*y**3 - 6*y**2 + 2*y - 5. Let f(m) = m - 8. Let q be f(0). Let u be 14/4 + (-4)/q. Is k(u) a prime number?
False
Let g be (0 - -6)*1/2. Suppose -3*u + 923 = 5*r + 107, -u - g*r + 276 = 0. Is u composite?
True
Is (-742)/(-1) - (3 + 6 + -6) prime?
True
Let p(n) = n**3 - 9*n**2 - 10*n + 15. Let s be p(10). Suppose 0 = -2*x + 7*x - s. Suppose x*a = a + 262. Is a prime?
True
Let i(a) = a**3 - 10*a**2 - 18*a + 11. Is i(12) a composite number?
False
Suppose -1266 = -4*c + 2*m, 0*c + 5*m = -c + 322. Is c composite?
False
Let q = -432 - -652. Suppose 0 = -w - 4*w + q. Suppose -n = 3*n - w. Is n composite?
False
Suppose 1 = 3*w - 17. Let g(j) be the first derivative of -j**4/4 + 8*j**3/3 + 3*j**2/2 + 5*j + 5. Is g(w) prime?
False
Suppose -4*i + 16 = 0, i = 4*y - 843 - 325. Is y composite?
False
Suppose 0 = -3*l - 2*l + 20. Suppose 0 = q + l*a - 7*a - 151, 0 = 4*q + 4*a - 540. Is q prime?
True
Let t(q) = q**3 + 5*q**2. Let f be t(-4). Let d = 262 - f. Suppose -3*k + 189 = -d. Is k composite?
True
Let u be 1/(-1 - 0)*-2. Let g be -1 + u - (2 + -5). Suppose -g*a + 57 = -a. Is a a composite number?
False
Suppose -5 = 5*i + 3*s + 1, 4*i = 2*s + 4. Suppose 460 = 5*v - i*v. Suppose -t + w = -56, -4*w = 3*t - v 